{"id":68,"date":"2023-05-11T16:42:46","date_gmt":"2023-05-11T15:42:46","guid":{"rendered":"https:\/\/imagamis.lt\/?page_id=68"},"modified":"2023-05-15T11:09:31","modified_gmt":"2023-05-15T10:09:31","slug":"technologijos","status":"publish","type":"page","link":"https:\/\/imagamis.lt\/index.php\/technologijos\/","title":{"rendered":"Technologijos"},"content":{"rendered":"\t\t<div data-elementor-type=\"wp-page\" data-elementor-id=\"68\" class=\"elementor elementor-68\">\n\t\t\t\t\t\t<section class=\"elementor-section elementor-top-section elementor-element elementor-element-346ac28 elementor-section-boxed elementor-section-height-default elementor-section-height-default\" data-id=\"346ac28\" data-element_type=\"section\" data-e-type=\"section\">\n\t\t\t\t\t\t<div class=\"elementor-container elementor-column-gap-default\">\n\t\t\t\t\t<div class=\"elementor-column elementor-col-100 elementor-top-column elementor-element elementor-element-0e7a3c3\" data-id=\"0e7a3c3\" data-element_type=\"column\" data-e-type=\"column\">\n\t\t\t<div class=\"elementor-widget-wrap elementor-element-populated\">\n\t\t\t\t\t\t<div class=\"elementor-element elementor-element-9432803 elementor-widget elementor-widget-heading\" data-id=\"9432803\" data-element_type=\"widget\" data-e-type=\"widget\" data-widget_type=\"heading.default\">\n\t\t\t\t<div class=\"elementor-widget-container\">\n\t\t\t\t\t<h4 class=\"elementor-heading-title elementor-size-default\">Patirtis dirbant su duomen\u0173 baz\u0117mis<\/h4>\t\t\t\t<\/div>\n\t\t\t\t<\/div>\n\t\t\t\t\t<\/div>\n\t\t<\/div>\n\t\t\t\t\t<\/div>\n\t\t<\/section>\n\t\t\t\t<section class=\"elementor-section elementor-top-section elementor-element elementor-element-c9059fb elementor-section-content-middle elementor-section-boxed elementor-section-height-default elementor-section-height-default\" data-id=\"c9059fb\" data-element_type=\"section\" data-e-type=\"section\">\n\t\t\t\t\t\t<div class=\"elementor-container elementor-column-gap-default\">\n\t\t\t\t\t<div class=\"elementor-column elementor-col-33 elementor-top-column elementor-element elementor-element-b15a912\" data-id=\"b15a912\" data-element_type=\"column\" data-e-type=\"column\">\n\t\t\t<div class=\"elementor-widget-wrap elementor-element-populated\">\n\t\t\t\t\t\t<div class=\"elementor-element elementor-element-46679fa elementor-position-top elementor-invisible elementor-widget elementor-widget-image-box\" data-id=\"46679fa\" data-element_type=\"widget\" data-e-type=\"widget\" data-settings=\"{&quot;_animation&quot;:&quot;rotateInDownLeft&quot;}\" data-widget_type=\"image-box.default\">\n\t\t\t\t<div class=\"elementor-widget-container\">\n\t\t\t\t\t<div class=\"elementor-image-box-wrapper\"><figure class=\"elementor-image-box-img\"><a href=\"https:\/\/www.oracle.com\/\" tabindex=\"-1\"><img fetchpriority=\"high\" decoding=\"async\" width=\"920\" height=\"500\" src=\"https:\/\/imagamis.lt\/wp-content\/uploads\/2023\/05\/oracle-database-logo.png\" class=\"attachment-full size-full wp-image-165\" alt=\"\" srcset=\"https:\/\/imagamis.lt\/wp-content\/uploads\/2023\/05\/oracle-database-logo.png 920w, https:\/\/imagamis.lt\/wp-content\/uploads\/2023\/05\/oracle-database-logo-300x163.png 300w, https:\/\/imagamis.lt\/wp-content\/uploads\/2023\/05\/oracle-database-logo-768x417.png 768w\" sizes=\"(max-width: 920px) 100vw, 920px\" \/><\/a><\/figure><\/div>\t\t\t\t<\/div>\n\t\t\t\t<\/div>\n\t\t\t\t\t<\/div>\n\t\t<\/div>\n\t\t\t\t<div class=\"elementor-column elementor-col-33 elementor-top-column elementor-element elementor-element-b74b747\" data-id=\"b74b747\" data-element_type=\"column\" data-e-type=\"column\">\n\t\t\t<div class=\"elementor-widget-wrap elementor-element-populated\">\n\t\t\t\t\t\t<div class=\"elementor-element elementor-element-0368dfe elementor-position-top elementor-invisible elementor-widget elementor-widget-image-box\" data-id=\"0368dfe\" data-element_type=\"widget\" data-e-type=\"widget\" data-settings=\"{&quot;_animation&quot;:&quot;slideInDown&quot;}\" data-widget_type=\"image-box.default\">\n\t\t\t\t<div class=\"elementor-widget-container\">\n\t\t\t\t\t<div class=\"elementor-image-box-wrapper\"><figure class=\"elementor-image-box-img\"><a href=\"https:\/\/www.mysql.com\/\" tabindex=\"-1\"><img decoding=\"async\" width=\"2500\" height=\"1563\" src=\"https:\/\/imagamis.lt\/wp-content\/uploads\/2023\/05\/MySQL-Logo.png\" class=\"attachment-full size-full wp-image-167\" alt=\"\" srcset=\"https:\/\/imagamis.lt\/wp-content\/uploads\/2023\/05\/MySQL-Logo.png 2500w, https:\/\/imagamis.lt\/wp-content\/uploads\/2023\/05\/MySQL-Logo-300x188.png 300w, https:\/\/imagamis.lt\/wp-content\/uploads\/2023\/05\/MySQL-Logo-1024x640.png 1024w, https:\/\/imagamis.lt\/wp-content\/uploads\/2023\/05\/MySQL-Logo-768x480.png 768w, https:\/\/imagamis.lt\/wp-content\/uploads\/2023\/05\/MySQL-Logo-1536x960.png 1536w, https:\/\/imagamis.lt\/wp-content\/uploads\/2023\/05\/MySQL-Logo-2048x1280.png 2048w\" sizes=\"(max-width: 2500px) 100vw, 2500px\" \/><\/a><\/figure><\/div>\t\t\t\t<\/div>\n\t\t\t\t<\/div>\n\t\t\t\t\t<\/div>\n\t\t<\/div>\n\t\t\t\t<div class=\"elementor-column elementor-col-33 elementor-top-column elementor-element elementor-element-91140f8\" data-id=\"91140f8\" data-element_type=\"column\" data-e-type=\"column\">\n\t\t\t<div class=\"elementor-widget-wrap elementor-element-populated\">\n\t\t\t\t\t\t<div class=\"elementor-element elementor-element-bd35a03 elementor-position-top elementor-invisible elementor-widget elementor-widget-image-box\" data-id=\"bd35a03\" data-element_type=\"widget\" data-e-type=\"widget\" data-settings=\"{&quot;_animation&quot;:&quot;rotateInDownRight&quot;}\" data-widget_type=\"image-box.default\">\n\t\t\t\t<div class=\"elementor-widget-container\">\n\t\t\t\t\t<div class=\"elementor-image-box-wrapper\"><figure class=\"elementor-image-box-img\"><a href=\"https:\/\/www.microsoft.com\/en-us\/sql-server\" tabindex=\"-1\"><img decoding=\"async\" width=\"800\" height=\"800\" src=\"https:\/\/imagamis.lt\/wp-content\/uploads\/2023\/05\/microsoft-sql-server-logo-svgrepo-com.svg\" class=\"attachment-full size-full wp-image-168\" alt=\"\" \/><\/a><\/figure><\/div>\t\t\t\t<\/div>\n\t\t\t\t<\/div>\n\t\t\t\t\t<\/div>\n\t\t<\/div>\n\t\t\t\t\t<\/div>\n\t\t<\/section>\n\t\t\t\t<section class=\"elementor-section elementor-top-section elementor-element elementor-element-fed975c elementor-section-content-middle elementor-section-boxed elementor-section-height-default elementor-section-height-default\" data-id=\"fed975c\" data-element_type=\"section\" data-e-type=\"section\">\n\t\t\t\t\t\t<div class=\"elementor-container elementor-column-gap-default\">\n\t\t\t\t\t<div class=\"elementor-column elementor-col-33 elementor-top-column elementor-element elementor-element-f8c372b\" data-id=\"f8c372b\" data-element_type=\"column\" data-e-type=\"column\">\n\t\t\t<div class=\"elementor-widget-wrap elementor-element-populated\">\n\t\t\t\t\t\t<div class=\"elementor-element elementor-element-d06efa6 elementor-position-top elementor-invisible elementor-widget elementor-widget-image-box\" data-id=\"d06efa6\" data-element_type=\"widget\" data-e-type=\"widget\" data-settings=\"{&quot;_animation&quot;:&quot;rotateInUpLeft&quot;}\" data-widget_type=\"image-box.default\">\n\t\t\t\t<div class=\"elementor-widget-container\">\n\t\t\t\t\t<div class=\"elementor-image-box-wrapper\"><figure class=\"elementor-image-box-img\"><a href=\"https:\/\/mariadb.com\/\" tabindex=\"-1\"><img loading=\"lazy\" decoding=\"async\" width=\"1293\" height=\"1054\" src=\"https:\/\/imagamis.lt\/wp-content\/uploads\/2023\/05\/mariadb-logo-vert_blue-transparent.png\" class=\"attachment-full size-full wp-image-169\" alt=\"\" srcset=\"https:\/\/imagamis.lt\/wp-content\/uploads\/2023\/05\/mariadb-logo-vert_blue-transparent.png 1293w, https:\/\/imagamis.lt\/wp-content\/uploads\/2023\/05\/mariadb-logo-vert_blue-transparent-300x245.png 300w, https:\/\/imagamis.lt\/wp-content\/uploads\/2023\/05\/mariadb-logo-vert_blue-transparent-1024x835.png 1024w, https:\/\/imagamis.lt\/wp-content\/uploads\/2023\/05\/mariadb-logo-vert_blue-transparent-768x626.png 768w\" sizes=\"(max-width: 1293px) 100vw, 1293px\" \/><\/a><\/figure><\/div>\t\t\t\t<\/div>\n\t\t\t\t<\/div>\n\t\t\t\t\t<\/div>\n\t\t<\/div>\n\t\t\t\t<div class=\"elementor-column elementor-col-33 elementor-top-column elementor-element elementor-element-c03caca\" data-id=\"c03caca\" data-element_type=\"column\" data-e-type=\"column\">\n\t\t\t<div class=\"elementor-widget-wrap elementor-element-populated\">\n\t\t\t\t\t\t<div class=\"elementor-element elementor-element-0ec68fb elementor-position-top elementor-invisible elementor-widget elementor-widget-image-box\" data-id=\"0ec68fb\" data-element_type=\"widget\" data-e-type=\"widget\" data-settings=\"{&quot;_animation&quot;:&quot;slideInUp&quot;}\" data-widget_type=\"image-box.default\">\n\t\t\t\t<div class=\"elementor-widget-container\">\n\t\t\t\t\t<div class=\"elementor-image-box-wrapper\"><figure class=\"elementor-image-box-img\"><a href=\"https:\/\/www.postgresql.org\/\" tabindex=\"-1\"><img loading=\"lazy\" decoding=\"async\" width=\"2400\" height=\"1500\" src=\"https:\/\/imagamis.lt\/wp-content\/uploads\/2023\/05\/PostgreSQL-Logo.jpg\" class=\"attachment-full size-full wp-image-170\" alt=\"\" srcset=\"https:\/\/imagamis.lt\/wp-content\/uploads\/2023\/05\/PostgreSQL-Logo.jpg 2400w, https:\/\/imagamis.lt\/wp-content\/uploads\/2023\/05\/PostgreSQL-Logo-300x188.jpg 300w, https:\/\/imagamis.lt\/wp-content\/uploads\/2023\/05\/PostgreSQL-Logo-1024x640.jpg 1024w, https:\/\/imagamis.lt\/wp-content\/uploads\/2023\/05\/PostgreSQL-Logo-768x480.jpg 768w, https:\/\/imagamis.lt\/wp-content\/uploads\/2023\/05\/PostgreSQL-Logo-1536x960.jpg 1536w, https:\/\/imagamis.lt\/wp-content\/uploads\/2023\/05\/PostgreSQL-Logo-2048x1280.jpg 2048w\" sizes=\"(max-width: 2400px) 100vw, 2400px\" \/><\/a><\/figure><\/div>\t\t\t\t<\/div>\n\t\t\t\t<\/div>\n\t\t\t\t\t<\/div>\n\t\t<\/div>\n\t\t\t\t<div class=\"elementor-column elementor-col-33 elementor-top-column elementor-element elementor-element-8b6cf4f\" data-id=\"8b6cf4f\" data-element_type=\"column\" data-e-type=\"column\">\n\t\t\t<div class=\"elementor-widget-wrap elementor-element-populated\">\n\t\t\t\t\t\t<div class=\"elementor-element elementor-element-5e69a32 elementor-position-top elementor-invisible elementor-widget elementor-widget-image-box\" data-id=\"5e69a32\" data-element_type=\"widget\" data-e-type=\"widget\" data-settings=\"{&quot;_animation&quot;:&quot;rotateInUpRight&quot;}\" data-widget_type=\"image-box.default\">\n\t\t\t\t<div class=\"elementor-widget-container\">\n\t\t\t\t\t<div class=\"elementor-image-box-wrapper\"><figure class=\"elementor-image-box-img\"><a href=\"https:\/\/www.sap.com\/\" tabindex=\"-1\"><img loading=\"lazy\" decoding=\"async\" width=\"1600\" height=\"900\" src=\"https:\/\/imagamis.lt\/wp-content\/uploads\/2023\/05\/sap-hana-logo.jpg\" class=\"attachment-full size-full wp-image-171\" alt=\"\" srcset=\"https:\/\/imagamis.lt\/wp-content\/uploads\/2023\/05\/sap-hana-logo.jpg 1600w, https:\/\/imagamis.lt\/wp-content\/uploads\/2023\/05\/sap-hana-logo-300x169.jpg 300w, https:\/\/imagamis.lt\/wp-content\/uploads\/2023\/05\/sap-hana-logo-1024x576.jpg 1024w, https:\/\/imagamis.lt\/wp-content\/uploads\/2023\/05\/sap-hana-logo-768x432.jpg 768w, https:\/\/imagamis.lt\/wp-content\/uploads\/2023\/05\/sap-hana-logo-1536x864.jpg 1536w\" sizes=\"(max-width: 1600px) 100vw, 1600px\" \/><\/a><\/figure><\/div>\t\t\t\t<\/div>\n\t\t\t\t<\/div>\n\t\t\t\t\t<\/div>\n\t\t<\/div>\n\t\t\t\t\t<\/div>\n\t\t<\/section>\n\t\t\t\t<section class=\"elementor-section elementor-top-section elementor-element elementor-element-8a77c68 elementor-section-boxed elementor-section-height-default elementor-section-height-default\" data-id=\"8a77c68\" data-element_type=\"section\" data-e-type=\"section\">\n\t\t\t\t\t\t<div class=\"elementor-container elementor-column-gap-default\">\n\t\t\t\t\t<div class=\"elementor-column elementor-col-100 elementor-top-column elementor-element elementor-element-a66d01c\" data-id=\"a66d01c\" data-element_type=\"column\" data-e-type=\"column\">\n\t\t\t<div class=\"elementor-widget-wrap elementor-element-populated\">\n\t\t\t\t\t\t<div class=\"elementor-element elementor-element-cfa58e7 elementor-widget elementor-widget-spacer\" data-id=\"cfa58e7\" data-element_type=\"widget\" data-e-type=\"widget\" data-widget_type=\"spacer.default\">\n\t\t\t\t<div class=\"elementor-widget-container\">\n\t\t\t\t\t\t\t<div class=\"elementor-spacer\">\n\t\t\t<div class=\"elementor-spacer-inner\"><\/div>\n\t\t<\/div>\n\t\t\t\t\t\t<\/div>\n\t\t\t\t<\/div>\n\t\t\t\t\t<\/div>\n\t\t<\/div>\n\t\t\t\t\t<\/div>\n\t\t<\/section>\n\t\t\t\t<section class=\"elementor-section elementor-top-section elementor-element elementor-element-669c452 elementor-section-boxed elementor-section-height-default elementor-section-height-default\" data-id=\"669c452\" data-element_type=\"section\" data-e-type=\"section\">\n\t\t\t\t\t\t<div class=\"elementor-container elementor-column-gap-default\">\n\t\t\t\t\t<div class=\"elementor-column elementor-col-100 elementor-top-column elementor-element elementor-element-a3ee0bb\" data-id=\"a3ee0bb\" data-element_type=\"column\" data-e-type=\"column\">\n\t\t\t<div class=\"elementor-widget-wrap elementor-element-populated\">\n\t\t\t\t\t\t<div class=\"elementor-element elementor-element-6dc2856 elementor-widget elementor-widget-heading\" data-id=\"6dc2856\" data-element_type=\"widget\" data-e-type=\"widget\" data-widget_type=\"heading.default\">\n\t\t\t\t<div class=\"elementor-widget-container\">\n\t\t\t\t\t<h4 class=\"elementor-heading-title elementor-size-default\">Programuojame kalbomis<\/h4>\t\t\t\t<\/div>\n\t\t\t\t<\/div>\n\t\t\t\t\t<\/div>\n\t\t<\/div>\n\t\t\t\t\t<\/div>\n\t\t<\/section>\n\t\t\t\t<section class=\"elementor-section elementor-top-section elementor-element elementor-element-f598f65 elementor-section-boxed elementor-section-height-default elementor-section-height-default\" data-id=\"f598f65\" data-element_type=\"section\" data-e-type=\"section\">\n\t\t\t\t\t\t<div class=\"elementor-container elementor-column-gap-default\">\n\t\t\t\t\t<div class=\"elementor-column elementor-col-33 elementor-top-column elementor-element elementor-element-1a775ab\" data-id=\"1a775ab\" data-element_type=\"column\" data-e-type=\"column\">\n\t\t\t<div class=\"elementor-widget-wrap elementor-element-populated\">\n\t\t\t\t\t\t<div class=\"elementor-element elementor-element-18212c0 elementor-invisible elementor-widget elementor-widget-image-box\" data-id=\"18212c0\" data-element_type=\"widget\" data-e-type=\"widget\" data-settings=\"{&quot;_animation&quot;:&quot;slideInLeft&quot;}\" data-widget_type=\"image-box.default\">\n\t\t\t\t<div class=\"elementor-widget-container\">\n\t\t\t\t\t<div class=\"elementor-image-box-wrapper\"><div class=\"elementor-image-box-content\"><h5 class=\"elementor-image-box-title\">PL\/SQL<\/h5><p class=\"elementor-image-box-description\">Pagrindin\u0117 Oracle DB programavimo kalba<\/p><\/div><\/div>\t\t\t\t<\/div>\n\t\t\t\t<\/div>\n\t\t\t\t\t<\/div>\n\t\t<\/div>\n\t\t\t\t<div class=\"elementor-column elementor-col-33 elementor-top-column elementor-element elementor-element-c18ea90\" data-id=\"c18ea90\" data-element_type=\"column\" data-e-type=\"column\">\n\t\t\t<div class=\"elementor-widget-wrap elementor-element-populated\">\n\t\t\t\t\t\t<div class=\"elementor-element elementor-element-66d832c elementor-invisible elementor-widget elementor-widget-image-box\" data-id=\"66d832c\" data-element_type=\"widget\" data-e-type=\"widget\" data-settings=\"{&quot;_animation&quot;:&quot;slideInDown&quot;}\" data-widget_type=\"image-box.default\">\n\t\t\t\t<div class=\"elementor-widget-container\">\n\t\t\t\t\t<div class=\"elementor-image-box-wrapper\"><div class=\"elementor-image-box-content\"><h5 class=\"elementor-image-box-title\">SQLScript<\/h5><p class=\"elementor-image-box-description\">Pagrindin\u0117 SAP Hana DB programavimo kalba<\/p><\/div><\/div>\t\t\t\t<\/div>\n\t\t\t\t<\/div>\n\t\t\t\t\t<\/div>\n\t\t<\/div>\n\t\t\t\t<div class=\"elementor-column elementor-col-33 elementor-top-column elementor-element elementor-element-5734100\" data-id=\"5734100\" data-element_type=\"column\" data-e-type=\"column\">\n\t\t\t<div class=\"elementor-widget-wrap elementor-element-populated\">\n\t\t\t\t\t\t<div class=\"elementor-element elementor-element-aa4141f elementor-invisible elementor-widget elementor-widget-image-box\" data-id=\"aa4141f\" data-element_type=\"widget\" data-e-type=\"widget\" data-settings=\"{&quot;_animation&quot;:&quot;slideInRight&quot;}\" data-widget_type=\"image-box.default\">\n\t\t\t\t<div class=\"elementor-widget-container\">\n\t\t\t\t\t<div class=\"elementor-image-box-wrapper\"><div class=\"elementor-image-box-content\"><h5 class=\"elementor-image-box-title\">Python<\/h5><p class=\"elementor-image-box-description\">Pagrindin\u0117 Django karkaso bei skirtingo sud\u0117tingumo lygio proces\u0173 k\u016brimui programavimo kalba<\/p><\/div><\/div>\t\t\t\t<\/div>\n\t\t\t\t<\/div>\n\t\t\t\t\t<\/div>\n\t\t<\/div>\n\t\t\t\t\t<\/div>\n\t\t<\/section>\n\t\t\t\t<section class=\"elementor-section elementor-top-section elementor-element elementor-element-09d97f4 elementor-section-boxed elementor-section-height-default elementor-section-height-default\" data-id=\"09d97f4\" data-element_type=\"section\" data-e-type=\"section\">\n\t\t\t\t\t\t<div class=\"elementor-container elementor-column-gap-default\">\n\t\t\t\t\t<div class=\"elementor-column elementor-col-33 elementor-top-column elementor-element elementor-element-f4df983\" data-id=\"f4df983\" data-element_type=\"column\" data-e-type=\"column\">\n\t\t\t<div class=\"elementor-widget-wrap elementor-element-populated\">\n\t\t\t\t\t\t<div class=\"elementor-element elementor-element-56601e3 elementor-invisible elementor-widget elementor-widget-image-box\" data-id=\"56601e3\" data-element_type=\"widget\" data-e-type=\"widget\" data-settings=\"{&quot;_animation&quot;:&quot;slideInLeft&quot;}\" data-widget_type=\"image-box.default\">\n\t\t\t\t<div class=\"elementor-widget-container\">\n\t\t\t\t\t<div class=\"elementor-image-box-wrapper\"><div class=\"elementor-image-box-content\"><h5 class=\"elementor-image-box-title\">T-SQL<\/h5><p class=\"elementor-image-box-description\">Pagrindin\u0117 Microsoft SQL Server programavimo kalba<\/p><\/div><\/div>\t\t\t\t<\/div>\n\t\t\t\t<\/div>\n\t\t\t\t\t<\/div>\n\t\t<\/div>\n\t\t\t\t<div class=\"elementor-column elementor-col-33 elementor-top-column elementor-element elementor-element-00e36a2\" data-id=\"00e36a2\" data-element_type=\"column\" data-e-type=\"column\">\n\t\t\t<div class=\"elementor-widget-wrap elementor-element-populated\">\n\t\t\t\t\t\t<div class=\"elementor-element elementor-element-0acb029 elementor-invisible elementor-widget elementor-widget-image-box\" data-id=\"0acb029\" data-element_type=\"widget\" data-e-type=\"widget\" data-settings=\"{&quot;_animation&quot;:&quot;slideInUp&quot;}\" data-widget_type=\"image-box.default\">\n\t\t\t\t<div class=\"elementor-widget-container\">\n\t\t\t\t\t<div class=\"elementor-image-box-wrapper\"><div class=\"elementor-image-box-content\"><h5 class=\"elementor-image-box-title\">Java<\/h5><p class=\"elementor-image-box-description\">Pagrindin\u0117 OAF, ADF karkas\u0173 programavimo kalba<\/p><\/div><\/div>\t\t\t\t<\/div>\n\t\t\t\t<\/div>\n\t\t\t\t\t<\/div>\n\t\t<\/div>\n\t\t\t\t<div class=\"elementor-column elementor-col-33 elementor-top-column elementor-element elementor-element-715d6ae\" data-id=\"715d6ae\" data-element_type=\"column\" data-e-type=\"column\">\n\t\t\t<div class=\"elementor-widget-wrap elementor-element-populated\">\n\t\t\t\t\t\t<div class=\"elementor-element elementor-element-6b1b7d9 elementor-invisible elementor-widget elementor-widget-image-box\" data-id=\"6b1b7d9\" data-element_type=\"widget\" data-e-type=\"widget\" data-settings=\"{&quot;_animation&quot;:&quot;slideInRight&quot;}\" data-widget_type=\"image-box.default\">\n\t\t\t\t<div class=\"elementor-widget-container\">\n\t\t\t\t\t<div class=\"elementor-image-box-wrapper\"><div class=\"elementor-image-box-content\"><h5 class=\"elementor-image-box-title\">Javascript<\/h5><p class=\"elementor-image-box-description\">Pagrindin\u0117 daugelio karkas\u0173 ir bibliotek\u0173 programavimo kalba<\/p><\/div><\/div>\t\t\t\t<\/div>\n\t\t\t\t<\/div>\n\t\t\t\t\t<\/div>\n\t\t<\/div>\n\t\t\t\t\t<\/div>\n\t\t<\/section>\n\t\t\t\t<section class=\"elementor-section elementor-top-section elementor-element elementor-element-6da14e0 elementor-section-boxed elementor-section-height-default elementor-section-height-default\" data-id=\"6da14e0\" data-element_type=\"section\" data-e-type=\"section\">\n\t\t\t\t\t\t<div class=\"elementor-container elementor-column-gap-default\">\n\t\t\t\t\t<div class=\"elementor-column elementor-col-100 elementor-top-column elementor-element elementor-element-89f9ad8\" data-id=\"89f9ad8\" data-element_type=\"column\" data-e-type=\"column\">\n\t\t\t<div class=\"elementor-widget-wrap elementor-element-populated\">\n\t\t\t\t\t\t<div class=\"elementor-element elementor-element-916e448 elementor-widget elementor-widget-spacer\" data-id=\"916e448\" data-element_type=\"widget\" data-e-type=\"widget\" data-widget_type=\"spacer.default\">\n\t\t\t\t<div class=\"elementor-widget-container\">\n\t\t\t\t\t\t\t<div class=\"elementor-spacer\">\n\t\t\t<div class=\"elementor-spacer-inner\"><\/div>\n\t\t<\/div>\n\t\t\t\t\t\t<\/div>\n\t\t\t\t<\/div>\n\t\t\t\t\t<\/div>\n\t\t<\/div>\n\t\t\t\t\t<\/div>\n\t\t<\/section>\n\t\t\t\t<section class=\"elementor-section elementor-top-section elementor-element elementor-element-401f0fb elementor-section-boxed elementor-section-height-default elementor-section-height-default\" data-id=\"401f0fb\" data-element_type=\"section\" data-e-type=\"section\">\n\t\t\t\t\t\t<div class=\"elementor-container elementor-column-gap-default\">\n\t\t\t\t\t<div class=\"elementor-column elementor-col-100 elementor-top-column elementor-element elementor-element-457296d\" data-id=\"457296d\" data-element_type=\"column\" data-e-type=\"column\">\n\t\t\t<div class=\"elementor-widget-wrap elementor-element-populated\">\n\t\t\t\t\t\t<div class=\"elementor-element elementor-element-878f29b elementor-widget elementor-widget-heading\" data-id=\"878f29b\" data-element_type=\"widget\" data-e-type=\"widget\" data-widget_type=\"heading.default\">\n\t\t\t\t<div class=\"elementor-widget-container\">\n\t\t\t\t\t<h5 class=\"elementor-heading-title elementor-size-default\">Neradote Jums aktualios programavimo kalbos ar technologijos?<\/h5>\t\t\t\t<\/div>\n\t\t\t\t<\/div>\n\t\t\t\t\t<\/div>\n\t\t<\/div>\n\t\t\t\t\t<\/div>\n\t\t<\/section>\n\t\t\t\t<section class=\"elementor-section elementor-top-section elementor-element elementor-element-1752901 elementor-section-boxed elementor-section-height-default elementor-section-height-default\" data-id=\"1752901\" data-element_type=\"section\" data-e-type=\"section\">\n\t\t\t\t\t\t<div class=\"elementor-container elementor-column-gap-default\">\n\t\t\t\t\t<div class=\"elementor-column elementor-col-100 elementor-top-column elementor-element elementor-element-b43023b\" data-id=\"b43023b\" data-element_type=\"column\" data-e-type=\"column\">\n\t\t\t<div class=\"elementor-widget-wrap elementor-element-populated\">\n\t\t\t\t\t\t<div class=\"elementor-element elementor-element-9c8e7b9 elementor-widget elementor-widget-heading\" data-id=\"9c8e7b9\" data-element_type=\"widget\" data-e-type=\"widget\" data-widget_type=\"heading.default\">\n\t\t\t\t<div class=\"elementor-widget-container\">\n\t\t\t\t\t<h5 class=\"elementor-heading-title elementor-size-default\">I\u0161\u0161\u016bki\u0173 nesibaidome - per trump\u0105 laikotarp\u012f \u012fsisavinsime J\u016bs\u0173 naudojamus \u012frankius ir pagelb\u0117sime.<\/h5>\t\t\t\t<\/div>\n\t\t\t\t<\/div>\n\t\t\t\t\t<\/div>\n\t\t<\/div>\n\t\t\t\t\t<\/div>\n\t\t<\/section>\n\t\t\t\t<section class=\"elementor-section elementor-top-section elementor-element elementor-element-23e2364 elementor-section-boxed elementor-section-height-default elementor-section-height-default\" data-id=\"23e2364\" data-element_type=\"section\" data-e-type=\"section\">\n\t\t\t\t\t\t<div class=\"elementor-container elementor-column-gap-default\">\n\t\t\t\t\t<div class=\"elementor-column elementor-col-100 elementor-top-column elementor-element elementor-element-ba689a1\" data-id=\"ba689a1\" data-element_type=\"column\" data-e-type=\"column\">\n\t\t\t<div class=\"elementor-widget-wrap elementor-element-populated\">\n\t\t\t\t\t\t<div class=\"elementor-element elementor-element-152d25e elementor-hidden-desktop elementor-hidden-tablet elementor-hidden-mobile elementor-widget elementor-widget-text-editor\" data-id=\"152d25e\" data-element_type=\"widget\" data-e-type=\"widget\" data-widget_type=\"text-editor.default\">\n\t\t\t\t<div class=\"elementor-widget-container\">\n\t\t\t\t\t\t\t\t\t<p>Programavimas Programming Developer Database Duombaz\u0117 Imagamis<\/p>\t\t\t\t\t\t\t\t<\/div>\n\t\t\t\t<\/div>\n\t\t\t\t\t<\/div>\n\t\t<\/div>\n\t\t\t\t\t<\/div>\n\t\t<\/section>\n\t\t\t\t<\/div>\n\t\t","protected":false},"excerpt":{"rendered":"<p>Patirtis dirbant su duomen\u0173 baz\u0117mis Programuojame kalbomis PL\/SQL Pagrindin\u0117 Oracle DB programavimo kalba SQLScript Pagrindin\u0117 SAP Hana DB programavimo kalba Python Pagrindin\u0117 Django karkaso bei skirtingo sud\u0117tingumo lygio proces\u0173 k\u016brimui programavimo kalba T-SQL Pagrindin\u0117 Microsoft SQL Server programavimo kalba Java Pagrindin\u0117 OAF, ADF karkas\u0173 programavimo kalba Javascript Pagrindin\u0117 daugelio karkas\u0173 ir bibliotek\u0173 programavimo kalba Neradote [&hellip;]<\/p>\n","protected":false},"author":1,"featured_media":0,"parent":0,"menu_order":0,"comment_status":"closed","ping_status":"closed","template":"","meta":{"_monsterinsights_skip_tracking":false,"_monsterinsights_sitenote_active":false,"_monsterinsights_sitenote_note":"","_monsterinsights_sitenote_category":0,"footnotes":""},"class_list":["post-68","page","type-page","status-publish","hentry"],"aioseo_notices":[],"_links":{"self":[{"href":"https:\/\/imagamis.lt\/index.php\/wp-json\/wp\/v2\/pages\/68","targetHints":{"allow":["GET"]}}],"collection":[{"href":"https:\/\/imagamis.lt\/index.php\/wp-json\/wp\/v2\/pages"}],"about":[{"href":"https:\/\/imagamis.lt\/index.php\/wp-json\/wp\/v2\/types\/page"}],"author":[{"embeddable":true,"href":"https:\/\/imagamis.lt\/index.php\/wp-json\/wp\/v2\/users\/1"}],"replies":[{"embeddable":true,"href":"https:\/\/imagamis.lt\/index.php\/wp-json\/wp\/v2\/comments?post=68"}],"version-history":[{"count":37,"href":"https:\/\/imagamis.lt\/index.php\/wp-json\/wp\/v2\/pages\/68\/revisions"}],"predecessor-version":[{"id":249,"href":"https:\/\/imagamis.lt\/index.php\/wp-json\/wp\/v2\/pages\/68\/revisions\/249"}],"wp:attachment":[{"href":"https:\/\/imagamis.lt\/index.php\/wp-json\/wp\/v2\/media?parent=68"}],"curies":[{"name":"wp","href":"https:\/\/api.w.org\/{rel}","templated":true}]}}